
In base 11, what is 6 - 18a?
-184
In base 14, what is -7 + 307?
300
In base 15, what is 47 - -9?
51
In base 2, what is 111100 - 1?
111011
In base 4, what is 12 + 201?
213
In base 14, what is -57 - 2?
-59
In base 16, what is -2 - d5?
-d7
In base 13, what is -36c - 1?
-370
In base 11, what is -4 - -339?
335
In base 8, what is 62 + -13?
47
In base 15, what is 34a - -a?
355
In base 11, what is 485 - 2?
483
In base 7, what is -14335 - 5?
-14343
In base 16, what is 8 + -22?
-1a
In base 8, what is -110 + -10?
-120
In base 4, what is -3 - 2021?
-2030
In base 4, what is -102 - 3033?
-3201
In base 10, what is 2 + 71?
73
In base 13, what is -210 - 3?
-213
In base 16, what is -c2 - 1?
-c3
In base 10, what is 10 + -108?
-98
In base 6, what is 2401 - -44?
2445
In base 2, what is -1001 + -10100?
-11101
In base 10, what is 2 - 5078?
-5076
In base 5, what is -2233 + 22?
-2211
In base 13, what is -46 + -18?
-61
In base 13, what is cb + 3?
101
In base 2, what is -1010 + -1011100?
-1100110
In base 8, what is 350 + -2?
346
In base 7, what is -3 - -105?
102
In base 11, what is -a3 - -1?
-a2
In base 5, what is 1 + 31?
32
In base 3, what is -100 - -12?
-11
In base 16, what is -13 - -2f?
1c
In base 4, what is 12 + -203?
-131
In base 13, what is 25 + 0?
25
In base 2, what is -10 + 100110001?
100101111
In base 10, what is 7 - 2?
5
In base 2, what is 11 + -1101110?
-1101011
In base 3, what is 212 + 2000?
2212
In base 4, what is 312 + -1120?
-202
In base 6, what is 1 + -3242?
-3241
In base 11, what is 15174 + 3?
15177
In base 3, what is 10 - -10000100?
10000110
In base 16, what is 28 + 5?
2d
In base 3, what is 12 + 1122100?
1122112
In base 14, what is a1 - -20?
c1
In base 15, what is 6 + 643?
649
In base 5, what is 434233 + 3?
434241
In base 13, what is -1 - 132?
-133
In base 16, what is -386 + -5?
-38b
In base 15, what is 19 + -10?
9
In base 9, what is -5 - 5728?
-5734
In base 9, what is 3 - -130?
133
In base 10, what is -7 + -443?
-450
In base 7, what is 1066 + 122?
1221
In base 4, what is -3 - 212003?
-212012
In base 2, what is 101 - 1001101?
-1001000
In base 3, what is 12122 + -112?
12010
In base 6, what is -13533 + 1?
-13532
In base 13, what is 2b + 43?
71
In base 2, what is -101 + 110100?
101111
In base 5, what is -3 - 10423?
-10431
In base 10, what is -60 - 23?
-83
In base 12, what is 3aa - -b?
3b9
In base 12, what is -b - -130?
121
In base 6, what is -5 - 115?
-124
In base 8, what is 0 - -256?
256
In base 2, what is 10100 + 11111?
110011
In base 7, what is 2 - -15?
20
In base 6, what is 3213 + 23?
3240
In base 14, what is -2 + 22b?
229
In base 7, what is 620 - 1?
616
In base 8, what is 3 - -43?
46
In base 14, what is -c6b - 0?
-c6b
In base 2, what is -11 - -111100010110?
111100010011
In base 11, what is -4 - 345?
-349
In base 15, what is -69c + -4?
-6a1
In base 4, what is 101022 - 10?
101012
In base 2, what is 11 - -1000111?
1001010
In base 16, what is -1 + 41?
40
In base 15, what is 306 - 17?
2de
In base 2, what is -1101101 - -101111?
-111110
In base 13, what is -5c67 - -3?
-5c64
In base 16, what is c9 - 0?
c9
In base 2, what is 11 + 10001111111011?
10001111111110
In base 13, what is -b + -3?
-11
In base 5, what is 11 + 303?
314
In base 16, what is 3 - 1d62?
-1d5f
In base 16, what is -119 - -3?
-116
In base 12, what is 4 + -44?
-40
In base 11, what is 5 - 3872?
-3868
In base 6, what is 0 - -3011?
3011
In base 6, what is 304 - -25?
333
In base 7, what is -164 + 1?
-163
In base 10, what is 974 + 4?
978
In base 5, what is -3 - -211?
203
In base 16, what is -6 - 336?
-33c
In base 12, what is 10 - 1?
b
In base 15, what is -24d + -3?
-251
In base 13, what is -5 + -c1c?
-c24
In base 8, what is 446 + 65?
533
In base 10, what is -47434 + 4?
-47430
In base 2, what is 100100 - -1010011?
1110111
In base 14, what is 377 - 7?
370
In base 2, what is -1101001 + -100?
-1101101
In base 15, what is 4 + 5?
9
In base 8, what is 4 - 2371?
-2365
In base 8, what is 21712 - 5?
21705
In base 11, what is 143 + 5?
148
In base 2, what is -100 - -11010111110?
11010111010
In base 14, what is 3 - -2b9d?
2ba2
In base 12, what is -2 - -2134?
2132
In base 16, what is e - -60?
6e
In base 2, what is 111101 + 10100?
1010001
In base 6, what is 2551 - -20?
3011
In base 13, what is 5 - -2b7?
2bc
In base 8, what is -643 + -5?
-650
In base 3, what is 22110 + -1?
22102
In base 14, what is -4d + -2?
-51
In base 4, what is 2 + 331?
333
In base 7, what is 16344 - 4?
16340
In base 15, what is -e02 - 1?
-e03
In base 16, what is 0 + -d8?
-d8
In base 3, what is 1011 + 110?
1121
In base 11, what is -191 + -2?
-193
In base 13, what is -1 - -368?
367
In base 8, what is -4 - -1512?
1506
In base 9, what is 4843 - 1?
4842
In base 15, what is a2 - 3?
9e
In base 6, what is 21 - 11?
10
In base 8, what is -152 - -4?
-146
In base 12, what is 4 + 27a?
282
In base 11, what is 79 + -46?
33
In base 9, what is 38 - -61?
110
In base 12, what is 267 - 1?
266
In base 16, what is b + 11?
1c
In base 7, what is 1045 + -3?
1042
In base 14, what is 119 - -5?
120
In base 8, what is 4 - -1512?
1516
In base 12, what is -4 - -13b?
137
In base 12, what is -172 - 4?
-176
In base 15, what is -4c - -2?
-4a
In base 2, what is -100000 - -10?
-11110
In base 6, what is 1 + -214?
-213
In base 3, what is 1102 + -12?
1020
In base 6, what is 1 - 1155?
-1154
In base 10, what is 18 - 10?
8
In base 12, what is 1 - -845?
846
In base 15, what is 5 + 2b?
31
In base 5, what is 10 - -333?
343
In base 10, what is -5 - -3799?
3794
In base 5, what is -3210 - -2?
-3203
In base 4, what is 30 + 0?
30
In base 11, what is -992 - 1?
-993
In base 8, what is -2520 + 3?
-2515
In base 12, what is -91 + -17?
-a8
In base 15, what is 8 - 0?
8
In base 3, what is 0 - 121220?
-121220
In base 6, what is 100 - 24?
32
In base 15, what is 2 - e54?
-e52
In base 6, what is -21 + -5?
-30
In base 9, what is -5502 + -1?
-5503
In base 9, what is 113 + 83?
206
In base 9, what is 3 + 103?
106
In base 11, what is 47 - -3?
4a
In base 5, what is 3 - 10?
-2
In base 11, what is 75 + 0?
75
In base 14, what is -326 + 4?
-322
In base 11, what is -3 + 7a?
77
In base 7, what is -661 - 2?
-663
In base 4, what is -1023 + -1323?
-3012
In base 14, what is -97 + 5?
-92
In base 6, what is 3 - -1152?
1155
In base 7, what is 4 - -652?
656
In base 14, what is -4 + 92?
8c
In base 13, what is 3870 + 3?
3873
In base 2, what is -110111001 - 101?
-110111110
In base 11, what is -102 + -1?
-103
In base 14, what is 1 + 801?
802
In base 16, what is fb - 3?
f8
In base 16, what is -b - 1d2?
-1dd
In base 7, what is 3134 + 4?
3141
In base 11, what is -1 + 10?
a
In base 12, what is 13a - 5?
135
In base 9, what is 1658 - -11?
1670
In base 15, what is 0 + -30d?
-30d
In base 7, what is -1 + -1426?
-1430
In base 14, what is -190a - 2?
-190c
In base 6, what is 2 + -555?
-553
In base 3, what is -10 - 122?
-202
In base 14, what is 27 + 4a?
73
In base 11, what is -71 + 17?
-55
In base 11, what is -5 + -262?
-267
In base 4, what is -101 - -10022?
3321
In base 12, what is 4 - -59b?
5a3
In base 6, what is -3 - 3351?
-3354
In base 9, what is -5 + -437?
-443
In base 16, what is 9 - 45?
-3c
In base 4, what is -121 + 30?
-31
In base 15, what is -4 + 19?
15
In base 11, what is -7 - 1a?
-26
In base 7, what is 134 + -143?
-6
In base 3, what is 110 + -11221?
-11111
In base 2, what is 10100101 + 10?
10100111
In base 15, what is -696 + -2?
-698
In base 12, what is -1b553 - 3?
-1b556
In base 14, what is 424 - -5?
429
In base 2, what is 1001001 + 10000?
1011001
In base 9, what is 17 - -32?
50
In base 6, what is -15 - 240?
-255
In base 3, what is 102112 - -10?
102122
In base 7, what is -1031 + 3?
-1025
In base 3, what is 10122 + 20?
10212
In base 3, what is 1 + -12121101?
-12121100
In base 2, what is -100001 + -10?
-100011
In base 2, what is -1 - -100010001?
100010000
In base 16, what is 23b + 0?
23b
In base 7, what is 5 - 12003?
-11665
In base 6, what is -2310 - -1?
-2305
In base 16, what is -5 + d?
8
In base 10, what is -7 - -289?
282
In base 7, what is 35 - 14?
21
In base 4, what is -3 + 2222?
2213
In base 12, what is b8 + -4?
b4
In base 9, what is -602 - -33?
-558
In base 13, what is -9a + 3?
-97
In base 15, what is -2 + -125?
-127
In base 4, what is -1003 + -10?
-1013
In base 7, what is -20 - 21?
-41
In base 11, what is -88 - -24?
-64
